when 118243 is divided by 38202?
3637
What is the remainder when 30389 is divided by 35?
9
What is the remainder when 60202431 is divided by 2?
1
What is the remainder when 5737 is divided by 4532?
1205
What is the remainder when 7299997 is divided by 336?
61
What is the remainder when 407089 is divided by 406995?
94
What is the remainder when 490443 is divided by 514?
87
Calculate the remainder when 2715500 is divided by 2224.
2220
What is the remainder when 29519774 is divided by 17?
5
Calculate the remainder when 369618 is divided by 36961.
8
Calculate the remainder when 1928250 is divided by 275274.
1332
What is the remainder when 126424 is divided by 13857?
1711
Calculate the remainder when 6431560 is divided by 12180.
520
What is the remainder when 5340799 is divided by 871?
698
What is the remainder when 496118 is divided by 4281?
3803
What is the remainder when 171329883 is divided by 4?
3
What is the remainder when 26718435 is divided by 61563?
93
What is the remainder when 81108 is divided by 24?
12
What is the remainder when 2560049 is divided by 102388?
349
Calculate the remainder when 5432828 is divided by 1810938.
14
Calculate the remainder when 47258 is divided by 23309.
640
Calculate the remainder when 203584 is divided by 893.
873
Calculate the remainder when 447663 is divided by 1008.
111
What is the remainder when 87195239 is divided by 2134?
2133
What is the remainder when 465600 is divided by 75901?
10194
What is the remainder when 53346 is divided by 25824?
1698
Calculate the remainder when 17441058 is divided by 98.
96
Calculate the remainder when 9407118 is divided by 18.
12
What is the remainder when 9701223 is divided by 139?
135
What is the remainder when 1605412774 is divided by 1111?
1109
What is the remainder when 88213692 is divided by 107?
3
What is the remainder when 4095350 is divided by 967?
105
Calculate the remainder when 1318517 is divided by 1227.
719
Calculate the remainder when 596378 is divided by 18608.
922
What is the remainder when 78059400 is divided by 51?
24
Calculate the remainder when 777067 is divided by 112.
11
Calculate the remainder when 2220203 is divided by 2467.
2370
Calculate the remainder when 17872769 is divided by 304.
1
What is the remainder when 282674 is divided by 9740?
214
What is the remainder when 2460468 is divided by 615016?
404
What is the remainder when 324631 is divided by 432?
199
What is the remainder when 29703 is divided by 1430?
1103
What is the remainder when 40474 is divided by 8089?
29
What is the remainder when 4016324 is divided by 650?
624
What is the remainder when 10043946 is divided by 24678?
0
Calculate the remainder when 13968939 is divided by 22.
17
What is the remainder when 3377933 is divided by 6?
5
Calculate the remainder when 5055670 is divided by 356.
114
What is the remainder when 10462446 is divided by 151628?
114
What is the remainder when 1417328 is divided by 39?
29
Calculate the remainder when 19775377 is divided by 3399.
3394
Calculate the remainder when 1612977 is divided by 54.
51
What is the remainder when 5555528 is divided by 4?
0
What is the remainder when 18504442 is divided by 411?
400
What is the remainder when 230597 is divided by 1302?
143
Calculate the remainder when 106438 is divided by 9096.
6382
Calculate the remainder when 25610182 is divided by 2.
0
Calculate the remainder when 787794 is divided by 27.
15
Calculate the remainder when 369044205 is divided by 39.
36
Calculate the remainder when 119988 is divided by 2926.
22
Calculate the remainder when 77366132 is divided by 1862.
32
What is the remainder when 1069991 is divided by 48?
23
Calculate the remainder when 2651692300 is divided by 18.
16
What is the remainder when 5667877 is divided by 522?
1
Calculate the remainder when 178891 is divided by 59024.
1819
Calculate the remainder when 482292 is divided by 2638.
2176
Calculate the remainder when 930914 is divided by 20.
14
What is the remainder when 28066 is divided by 2148?
142
Calculate the remainder when 615029 is divided by 176.
85
What is the remainder when 13969216 is divided by 6984604?
8
Calculate the remainder when 636913 is divided by 465.
328
What is the remainder when 1979679 is divided by 415?
129
What is the remainder when 8871649 is divided by 554478?
1
What is the remainder when 11736294 is divided by 355644?
42
What is the remainder when 148546320 is divided by 36?
24
What is the remainder when 1652216 is divided by 1009?
483
Calculate the remainder when 39599385 is divided by 366.
15
What is the remainder when 1390024 is divided by 695012?
0
What is the remainder when 1297802 is divided by 521?
512
What is the remainder when 3528724 is divided by 441063?
220
What is the remainder when 15562117 is divided by 286?
285
What is the remainder when 123316 is divided by 95?
6
Calculate the remainder when 41107 is divided by 5856.
115
What is the remainder when 917614 is divided by 856?
838
What is the remainder when 236276 is divided by 380?
296
What is the remainder when 1093020 is divided by 1164?
24
What is the remainder when 15634441 is divided by 967?
952
Calculate the remainder when 45796641 is divided by 2412.
2409
What is the remainder when 121869 is divided by 40571?
156
Calculate the remainder when 144832 is divided by 5793.
7
What is the remainder when 1026010852 is divided by 594?
592
What is the remainder when 2190647 is divided by 1370?
17
What is the remainder when 2675842 is divided by 2415?
22
Calculate the remainder when 80851 is divided by 6659.
943
What is the remainder when 346727999 is divided by 150?
149
What is the remainder when 37715835 is divided by 2095323?
21
What is the remainder when 13698 is divided by 2663?
383
What is the remainder when 50477625 is divided by 115?
100
Calculate the remainder when 57922 is divided by 88.
18
What is the remainder when 36155759 is divided by 6033?
6023
What is the remainder when 18565 is divided by 431?
32
What is the remainder when 93934 is divided by 723?
667
Calculate the remainder when 13264586 is divided by 255.
251
What is the remainder when 17858 is divided by 3633?
3326
Calculate the remainder when 11545135 is divided by 104.
95
What is the remainder when 557688 is divided by 1491?
54
What is the remainder when 74933 is divided by 37372?
189
What is the remainder when 128306 is divided by 139?
9
Calculate the remainder when 266428 is divided by 8936.
7284
What is the remainder when 1250525 is divided by 227?
209
Calculate the remainder when 4000964 is divided by 18.
14
Calculate the remainder when 20468306 is divided by 124.
122
Calculate the remainder when 145850854 is divided by 290.
284
Calculate the remainder when 114289 is divided by 113983.
306
What is the remainder when 157163219 is divided by 108?
107
Calculate the remainder when 4844495 is divided by 167.
159
What is the remainder when 32358791 is divided by 366?
365
What is the remainder when 5654264 is divided by 444?
368
Calculate the remainder when 181108 is divided by 25747.
879
What is the remainder when 88926823 is divided by 75?
73
Calculate the remainder when 555329261 is divided by 133.
130
Calculate the remainder when 1836898 is divided by 20.
18
What is the remainder when 89159 is divided by 1940?
1859
What is the remainder when 913372 is divided by 427?
19
Calculate the remainder when 10235668 is divided by 7280.
7268
What is the remainder when 1288005 is divided by 1462?
1445
What is the remainder when 68578 is divided by 9084?
4990
Calculate the remainder when 43781167 is divided by 389.
384
Calculate the remainder when 91573 is divided by 1993.
1888
What is the remainder when 3198774 is divided by 333?
309
Calculate the remainder when 143275 is divided by 143136.
139
What is the remainder when 9216653 is divided by 3656?
3533
Calculate the remainder when 2217380 is divided by 276.
272
Calculate the remainder when 316916 is divided by 78602.
2508
What is the remainder when 1125192 is divided by 43?
11
Calculate the remainder when 4229526529 is divided by 14.
11
What is the remainder when 162361096 is divided by 19?
16
What is the remainder when 896281 is divided by 112033?
17
What is the remainder when 2751952 is divided by 996?
4
What is the remainder when 14